238 is divided by 1312.
190
What is the remainder when 16145789 is divided by 16145752?
37
Calculate the remainder when 201232 is divided by 211.
149
What is the remainder when 294911 is divided by 294899?
12
What is the remainder when 1375729 is divided by 458565?
34
What is the remainder when 84260 is divided by 21064?
4
Calculate the remainder when 16414 is divided by 4081.
90
Calculate the remainder when 91260877 is divided by 336756.
1
What is the remainder when 112605 is divided by 2349?
2202
What is the remainder when 4432 is divided by 523?
248
Calculate the remainder when 2078389 is divided by 519557.
161
What is the remainder when 5022758 is divided by 40?
38
What is the remainder when 1998179 is divided by 68?
67
Calculate the remainder when 2744827 is divided by 8145.
8107
What is the remainder when 79127 is divided by 5410?
3387
Calculate the remainder when 119323 is divided by 981.
622
Calculate the remainder when 157687836 is divided by 7166.
6
What is the remainder when 7258125 is divided by 69?
15
Calculate the remainder when 588679 is divided by 6399.
6370
Calculate the remainder when 1342624 is divided by 55941.
40
What is the remainder when 749497 is divided by 749471?
26
What is the remainder when 125184290 is divided by 213?
143
What is the remainder when 4532310 is divided by 161?
160
What is the remainder when 100492839 is divided by 3045237?
18
What is the remainder when 1177546 is divided by 89?
76
What is the remainder when 19078951 is divided by 1004155?
6
What is the remainder when 32140863 is divided by 392?
391
Calculate the remainder when 3821426 is divided by 10981.
38
What is the remainder when 230774367 is divided by 1770?
1767
Calculate the remainder when 52805982 is divided by 29.
27
Calculate the remainder when 43124407 is divided by 155.
152
What is the remainder when 473097 is divided by 156743?
2868
What is the remainder when 1812 is divided by 334?
142
What is the remainder when 18275 is divided by 2391?
1538
Calculate the remainder when 25722966 is divided by 12.
6
Calculate the remainder when 111877797 is divided by 1263.
1257
Calculate the remainder when 948040 is divided by 51.
1
What is the remainder when 18610 is divided by 3539?
915
Calculate the remainder when 13361028 is divided by 264.
252
What is the remainder when 915525444 is divided by 3202?
3200
What is the remainder when 497439 is divided by 268?
31
Calculate the remainder when 31237 is divided by 6743.
4265
What is the remainder when 212876 is divided by 7562?
1140
Calculate the remainder when 64251 is divided by 63851.
400
What is the remainder when 548385 is divided by 412?
13
Calculate the remainder when 59295830 is divided by 79.
10
What is the remainder when 1715285 is divided by 484?
473
What is the remainder when 427538 is divided by 11270?
10548
Calculate the remainder when 8334752 is divided by 256.
160
What is the remainder when 25565449 is divided by 44?
41
Calculate the remainder when 75035 is divided by 18434.
1299
What is the remainder when 178277 is divided by 19799?
86
What is the remainder when 5083059 is divided by 1270624?
563
Calculate the remainder when 11577688 is divided by 68914.
136
What is the remainder when 1844822 is divided by 387?
380
Calculate the remainder when 399567 is divided by 79853.
302
What is the remainder when 1397843729 is divided by 6787?
6783
Calculate the remainder when 218178 is divided by 42.
30
Calculate the remainder when 12771856 is divided by 72982.
6
What is the remainder when 2625013 is divided by 201915?
118
Calculate the remainder when 59881 is divided by 1131.
1069
Calculate the remainder when 212870 is divided by 25.
20
Calculate the remainder when 49779 is divided by 200.
179
Calculate the remainder when 2091461 is divided by 52.
21
Calculate the remainder when 70849 is divided by 4534.
2839
Calculate the remainder when 2498234 is divided by 832733.
35
What is the remainder when 125486 is divided by 1004?
990
Calculate the remainder when 662797797 is divided by 30.
27
What is the remainder when 72195 is divided by 2560?
515
What is the remainder when 6033924 is divided by 402261?
9
Calculate the remainder when 336843015 is divided by 217.
208
What is the remainder when 29575594 is divided by 2899?
2895
Calculate the remainder when 18779939 is divided by 722.
719
What is the remainder when 624650 is divided by 185?
90
Calculate the remainder when 40179527 is divided by 1277.
1276
Calculate the remainder when 1804931 is divided by 308.
51
Calculate the remainder when 2402548 is divided by 165.
148
What is the remainder when 1704228 is divided by 1704223?
5
Calculate the remainder when 207724 is divided by 7624.
1876
Calculate the remainder when 1234861789 is divided by 4157.
4154
What is the remainder when 89092207 is divided by 154?
127
Calculate the remainder when 373430 is divided by 65.
5
What is the remainder when 171202 is divided by 65?
57
What is the remainder when 2203207 is divided by 8781?
7957
What is the remainder when 100258 is divided by 622?
116
What is the remainder when 2412294 is divided by 187?
181
Calculate the remainder when 1609155 is divided by 536368.
51
What is the remainder when 46197927 is divided by 48?
39
Calculate the remainder when 12611700 is divided by 2154.
30
What is the remainder when 1179994 is divided by 162?
148
Calculate the remainder when 643949 is divided by 46.
41
What is the remainder when 300933 is divided by 25072?
69
Calculate the remainder when 73859239 is divided by 2561.
2560
Calculate the remainder when 12995617 is divided by 91.
89
What is the remainder when 8176133 is divided by 526?
515
Calculate the remainder when 68644 is divided by 1201.
187
What is the remainder when 3083085 is divided by 256923?
9
Calculate the remainder when 180941142 is divided by 385.
382
What is the remainder when 12482 is divided by 1186?
622
What is the remainder when 689906 is divided by 1342?
118
What is the remainder when 4285664 is divided by 2142822?
20
What is the remainder when 891527 is divided by 30?
17
What is the remainder when 48148619 is divided by 34?
29
Calculate the remainder when 4183158 is divided by 67.
13
Calculate the remainder when 574584 is divided by 733.
645
Calculate the remainder when 44900381 is divided by 21733.
3
Calculate the remainder when 1885246 is divided by 18.
16
Calculate the remainder when 17354484 is divided by 77.
70
Calculate the remainder when 31392623 is divided by 91.
80
Calculate the remainder when 60784 is divided by 1647.
1492
Calculate the remainder when 2443779 is divided by 671.
668
Calculate the remainder when 18909394 is divided by 337.
324
Calculate the remainder when 2956695 is divided by 227438.
1
Calculate the remainder when 46942720 is divided by 383.
325
What is the remainder when 52237 is divided by 184?
165
What is the remainder when 822423 is divided by 21639?
141
What is the remainder when 360416489 is divided by 90104122?
1
What is the remainder when 1688293 is divided by 1280?
1253
What is the remainder when 386046 is divided by 358?
122
Calculate the remainder when 52997 is divided by 679.
35
Calculate the remainder when 162163 is divided by 40399.
567
What is the remainder when 149619 is divided by 21?
15
Calculate the remainder when 405507 is divided by 134729.
1320
What is the remainder when 5683546 is divided by 313?
92
What is the remainder when 2744542 is divided by 820?
2
What is the remainder when 5655183 is divided by 5655175?
8
Calculate the remainder when 11335362 is divided by 1938.
0
Calculate the remainder when 741701 is divided by 1206.
11
Calculate the remainder when 1144981 is divided by 572486.
9
Calculate the remainder when 90109499 is divided by 5949.
5945
What is the remainder when 2401149 is divided by 16007?
99
Calculate the remainder when 232381532 is divided by 1258.
1256
What is the remainder when 184572 is divided by 879?
861
What is the remainder when 1056220 is divided by 1666?
1642
What is the remainder when 5090 is divided by 2694?
2396
Calculate the remainder when 129994 is divided by 11816.
18
What is the remainder when 5332351 is divided by 1066403?
336
What is the remainder when 180269965 is divided by 2025505?
20
Calculate the remainder when 16